 is -1 + 22002001022210001?
22002001022210000
In base 11, what is -3 - -444553?
444550
In base 3, what is -12000101212 + -1121122?
-12002000111
In base 7, what is 120640300 + 2?
120640302
In base 8, what is -7431166 - 4?
-7431172
In base 11, what is -28220 - -67?
-28164
In base 2, what is 10 - -11110111100001011100?
11110111100001011110
In base 11, what is -1a550 + -37a4?
-23244
In base 7, what is -336425224 + -12?
-336425236
In base 6, what is -10241 + 451222?
440541
In base 7, what is -5 + 151245504?
151245466
In base 8, what is -166 - 10307?
-10475
In base 15, what is 6 - -37ae9d?
37aea4
In base 5, what is 2311 + 3024241?
3032102
In base 2, what is -1101100101010101101100110000 + -1?
-1101100101010101101100110001
In base 16, what is -b4 - -5efa?
5e46
In base 15, what is -4866 + -34a?
-4bb1
In base 6, what is -450334341 - -4?
-450334333
In base 6, what is -534 + -12220025?
-12221003
In base 5, what is 32 + -103003233?
-103003201
In base 14, what is 99c667 + 6?
99c66d
In base 6, what is 3413021541 + -2?
3413021535
In base 12, what is -403954 - -14?
-403940
In base 6, what is -535 - 30031242?
-30032221
In base 8, what is -40 - -1561653?
1561613
In base 4, what is -222213001023 + -10?
-222213001033
In base 11, what is 228 - 285598?
-285370
In base 11, what is 5456302 + 15?
5456317
In base 14, what is -5b + -17571d?
-17577a
In base 12, what is 77b190 + 6?
77b196
In base 14, what is -1092dd + -52d?
-10982c
In base 12, what is -b - -3290232?
3290223
In base 15, what is 0 - 75eb315?
-75eb315
In base 10, what is 39361 - -158?
39519
In base 15, what is -4 - -aca5659?
aca5655
In base 5, what is -40220 - -1024200?
433430
In base 5, what is 1000411 + -34102?
411304
In base 9, what is -385632 - 4708?
-401441
In base 10, what is 21 + 464199?
464220
In base 13, what is -8434a8a6 + -1?
-8434a8a7
In base 13, what is -8a7 - -2810?
1c36
In base 8, what is 5644102 + 7?
5644111
In base 8, what is 404454 + -1153?
403301
In base 12, what is -3b + -1709355?
-1709394
In base 15, what is -20 + 1b27d3?
1b27b3
In base 10, what is 69278565 + 3?
69278568
In base 7, what is 0 - -635356401?
635356401
In base 15, what is -3 - -43b374?
43b371
In base 6, what is 124400224 + -111?
124400113
In base 16, what is 3629 - 165f?
1fca
In base 6, what is 5203411 + 412?
5204223
In base 16, what is 206 - 4366f?
-43469
In base 11, what is 0 + -5785957?
-5785957
In base 7, what is -1143032334 + 10?
-1143032324
In base 14, what is -78 + 1a75d?
1a6c5
In base 8, what is 712146 - -653?
713021
In base 12, what is -6517a51 + -6?
-6517a57
In base 15, what is 71a36 + -2?
71a34
In base 16, what is 136c - 9f6a?
-8bfe
In base 6, what is -2 + 105041431?
105041425
In base 12, what is 31598 + 44a?
31a26
In base 11, what is -20 + 1522636?
1522616
In base 7, what is -11626045001 - 4?
-11626045005
In base 5, what is 22 - 343400440?
-343400413
In base 11, what is -289 - 17805?
-17a93
In base 3, what is 20212202121 + -2112202?
20210012212
In base 16, what is 202 + -9a3c9?
-9a1c7
In base 12, what is -314b + -27?
-3176
In base 5, what is -42 + -14002414230?
-14002414322
In base 14, what is -655 - -230?
-425
In base 5, what is 1124243014 - -43?
1124243112
In base 9, what is -5765 - -237?
-5527
In base 7, what is 106511 - -446?
110260
In base 15, what is 8 + -13dc3?
-13dba
In base 16, what is -5cb + -4f800?
-4fdcb
In base 11, what is -5 - -2142893?
2142889
In base 16, what is 293 - 114a4?
-11211
In base 15, what is d52 - -10d2?
1e34
In base 8, what is -14 - -161716023?
161716007
In base 12, what is 19967494 + a?
199674a2
In base 16, what is -15 - -37069d?
370688
In base 15, what is 55ba6 + 74?
55c2a
In base 4, what is -13330200312 - -1?
-13330200311
In base 12, what is -1b24a369a - 1?
-1b24a369b
In base 16, what is 156 + -23af7?
-239a1
In base 8, what is -1354 + 34215?
32641
In base 11, what is a5 + -184272?
-184178
In base 6, what is 4245024 - 35?
4244545
In base 14, what is -29c - -12cd4d?
12ca91
In base 9, what is 27225233 + 4?
27225237
In base 11, what is 44198 + -1243?
42a55
In base 3, what is 22222200012 - 20?
22222122222
In base 13, what is -3457c912 + 6?
-3457c909
In base 7, what is -2362201 - 422?
-2362623
In base 3, what is -10011220112 + -100100?
-10012020212
In base 11, what is 2 - -15672781?
15672783
In base 5, what is -1 + 34323222?
34323221
In base 14, what is -145a8a - a6?
-145b52
In base 12, what is -34581 + 40?
-34541
In base 13, what is 12c - 7976c7?
-797598
In base 12, what is 11474 + -1891?
b7a3
In base 14, what is 635c + -44b5?
1c87
In base 2, what is 1010 - -10001000101100010000?
10001000101100011010
In base 3, what is 11110200 + -102022020?
-20211120
In base 7, what is -35 + -2406436?
-2406504
In base 3, what is 0 - -112200011010000000?
112200011010000000
In base 11, what is -27a87a323 - -4?
-27a87a31a
In base 8, what is -4 - 1637000354?
-1637000360
In base 4, what is -111310 - -1301020013?
1300302103
In base 12, what is -62 - 351aa?
-35250
In base 3, what is 12122102 - 112020201001?
-112001001122
In base 5, what is -10 + -20012303424?
-20012303434
In base 16, what is d9c - 1963?
-bc7
In base 16, what is -35 + -a22d1?
-a2306
In base 12, what is -32 - 28357a?
-2835b0
In base 16, what is 3 + 7d567?
7d56a
In base 13, what is -43 - -2baa1?
2ba5b
In base 16, what is 0 + 6159ff?
6159ff
In base 16, what is 2 - -95125d?
95125f
In base 11, what is -41a2029 + -123?
-41a2151
In base 7, what is -4 - 231250560?
-231250564
In base 9, what is 37 + 1342704?
1342742
In base 7, what is -120056 - 363?
-120452
In base 7, what is -13350 + -502?
-14152
In base 14, what is 17 - -2861b?
28634
In base 12, what is -7 - 3a3a498?
-3a3a4a3
In base 5, what is 2040 - 210444134?
-210442044
In base 2, what is -1 - -111001101110011101010?
111001101110011101001
In base 13, what is -4108 + -21926?
-25a31
In base 5, what is -20321141042 - -1?
-20321141041
In base 4, what is 31331312 + -20?
31331232
In base 9, what is 714387 + -242?
714145
In base 10, what is -326883 - 144?
-327027
In base 5, what is 1124044 + 4300?
1133344
In base 11, what is 38 - 21220?
-21193
In base 16, what is 20b38f - -21?
20b3b0
In base 2, what is 110000001011101100110011 + 10?
110000001011101100110101
In base 12, what is ba + 29410?
2950a
In base 4, what is -212003221 - -22033?
-211321122
In base 16, what is 2decac + -8?
2deca4
In base 4, what is 2 - 1210202332020?
-1210202332012
In base 11, what is -21453840 + -5?
-21453845
In base 9, what is -43 - 24675360?
-24675413
In base 11, what is 667534 + -613?
666a21
In base 14, what is 1c32 + 18d52?
1ab84
In base 5, what is -3022 - -13410204?
13402132
In base 9, what is -4 + 117337721?
117337716
In base 9, what is -273205730 + 0?
-273205730
In base 10, what is -1630459 + -187?
-1630646
In base 2, what is -10011001111010111010011 + 10?
-10011001111010111010001
In base 8, what is -2622336 + -624?
-2623162
In base 3, what is 100120121110 + 210121?
100121102001
In base 11, what is -18a531 - 280a?
-192240
In base 3, what is -10 + -111021110011101110?
-111021110011101120
In base 15, what is -23 + 5954c?
59529
In base 10, what is -5057 - 2974?
-8031
In base 8, what is -21060 - -103?
-20755
In base 13, what is 7b + -172929?
-17287b
In base 5, what is 223 + -312040324?
-312040101
In base 13, what is 2bb - c62c?
-c341
In base 4, what is -22 - 210101331030?
-210101331112
In base 13, what is 0 + -6612c5?
-6612c5
In base 10, what is -13409315 + 17?
-13409298
In base 10, what is 8 - 86152?
-86144
In base 7, what is -45146 + 4523?
-40323
In base 6, what is -31 + 24412133?
24412102
In base 10, what is 26536336 - 2?
26536334
In base 2, what is -1100101100010 - 110111011111000?
-1000100001011010
In base 5, what is -142302 + 421034?
223232
In base 12, what is 21854b - 6?
218545
In base 3, what is 0 - 20122201022101?
-20122201022101
In base 5, what is 11011224312123 + -1?
11011224312122
In base 12, what is -a525b3 - 43?
-a52636
In base 6, what is -1455445303 + -5?
-1455445312
In base 6, what is -113122105 + 13?
-113122052
In base 4, what is 2330210101233 - 10?
2330210101223
In base 4, what is 23 - -1013323303?
1013323332
In base 11, what is -1774a3 + 64?
-17743a
In base 5, what is 1 + -4240232144?
-4240232143
In base 12, what is 22 - 6858617?
-68585b5
In base 11, what is 258 + 4a97?
5244
In base 3, what is -1000100021111